[INFO] fetching crate async-fetch 0.4.0...
[INFO] checking async-fetch-0.4.0 against try#72f88fc4e9458f89516a0b8b0868f3718aec5b47 for pr-74989
[INFO] extracting crate async-fetch 0.4.0 into /workspace/builds/worker-8/source
[INFO] validating manifest of crates.io crate async-fetch 0.4.0 on toolchain 72f88fc4e9458f89516a0b8b0868f3718aec5b47
[INFO] running `Command { std: "/workspace/cargo-home/bin/cargo" "+72f88fc4e9458f89516a0b8b0868f3718aec5b47" "read-manifest" "--manifest-path" "Cargo.toml", kill_on_drop: false }`
[INFO] started tweaking crates.io crate async-fetch 0.4.0
[INFO] finished tweaking crates.io crate async-fetch 0.4.0
[INFO] tweaked toml for crates.io crate async-fetch 0.4.0 written to /workspace/builds/worker-8/source/Cargo.toml
[INFO] running `Command { std: "/workspace/cargo-home/bin/cargo" "+72f88fc4e9458f89516a0b8b0868f3718aec5b47" "generate-lockfile" "--manifest-path" "Cargo.toml" "-Zno-index-update", kill_on_drop: false }`
[INFO] running `Command { std: "/workspace/cargo-home/bin/cargo" "+72f88fc4e9458f89516a0b8b0868f3718aec5b47" "fetch" "--locked" "--manifest-path" "Cargo.toml", kill_on_drop: false }`
[INFO] [stderr]     Blocking waiting for file lock on package cache
[INFO] [stderr]  Downloading crates ...
[INFO] [stderr]   Downloaded async-httplib v0.5.0
[INFO] [stderr]   Downloaded async-uninet v0.2.0
[INFO] running `Command { std: "docker" "create" "-v" "/var/lib/crater-agent-workspace/builds/worker-8/target:/opt/rustwide/target:rw,Z" "-v" "/var/lib/crater-agent-workspace/builds/worker-8/source:/opt/rustwide/workdir:ro,Z" "-v" "/var/lib/crater-agent-workspace/cargo-home:/opt/rustwide/cargo-home:ro,Z" "-v" "/var/lib/crater-agent-workspace/rustup-home:/opt/rustwide/rustup-home:ro,Z" "-e" "SOURCE_DIR=/opt/rustwide/workdir" "-e" "CARGO_TARGET_DIR=/opt/rustwide/target" "-e" "CARGO_HOME=/opt/rustwide/cargo-home" "-e" "RUSTUP_HOME=/opt/rustwide/rustup-home" "-w" "/opt/rustwide/workdir" "-m" "1610612736" "--user" "0:0" "--network" "none" "rustops/crates-build-env@sha256:d92eaeed33fa75130ca1ee6c8a01d1ffb62bac859dfdfb3450e3e5d1c0146529" "/opt/rustwide/cargo-home/bin/cargo" "+72f88fc4e9458f89516a0b8b0868f3718aec5b47" "metadata" "--no-deps" "--format-version=1", kill_on_drop: false }`
[INFO] [stdout] d2718cfa7e985abc43495d6127e08df7456fda16858beac197049633433730c4
[INFO] [stderr] WARNING: Your kernel does not support swap limit capabilities or the cgroup is not mounted. Memory limited without swap.
[INFO] running `Command { std: "docker" "start" "-a" "d2718cfa7e985abc43495d6127e08df7456fda16858beac197049633433730c4", kill_on_drop: false }`
[INFO] running `Command { std: "docker" "inspect" "d2718cfa7e985abc43495d6127e08df7456fda16858beac197049633433730c4", kill_on_drop: false }`
[INFO] running `Command { std: "docker" "rm" "-f" "d2718cfa7e985abc43495d6127e08df7456fda16858beac197049633433730c4", kill_on_drop: false }`
[INFO] [stdout] d2718cfa7e985abc43495d6127e08df7456fda16858beac197049633433730c4
[INFO] running `Command { std: "docker" "create" "-v" "/var/lib/crater-agent-workspace/builds/worker-8/target:/opt/rustwide/target:rw,Z" "-v" "/var/lib/crater-agent-workspace/builds/worker-8/source:/opt/rustwide/workdir:ro,Z" "-v" "/var/lib/crater-agent-workspace/cargo-home:/opt/rustwide/cargo-home:ro,Z" "-v" "/var/lib/crater-agent-workspace/rustup-home:/opt/rustwide/rustup-home:ro,Z" "-e" "SOURCE_DIR=/opt/rustwide/workdir" "-e" "CARGO_TARGET_DIR=/opt/rustwide/target" "-e" "CARGO_INCREMENTAL=0" "-e" "RUST_BACKTRACE=full" "-e" "RUSTFLAGS=--cap-lints=forbid" "-e" "CARGO_HOME=/opt/rustwide/cargo-home" "-e" "RUSTUP_HOME=/opt/rustwide/rustup-home" "-w" "/opt/rustwide/workdir" "-m" "1610612736" "--user" "0:0" "--network" "none" "rustops/crates-build-env@sha256:d92eaeed33fa75130ca1ee6c8a01d1ffb62bac859dfdfb3450e3e5d1c0146529" "/opt/rustwide/cargo-home/bin/cargo" "+72f88fc4e9458f89516a0b8b0868f3718aec5b47" "check" "--frozen" "--all" "--all-targets" "--message-format=json", kill_on_drop: false }`
[INFO] [stdout] 2fb07c5c7f954afb1333f755a194e62ca19a6b4d0d415fb3788a9e91f7f26fbe
[INFO] [stderr] WARNING: Your kernel does not support swap limit capabilities or the cgroup is not mounted. Memory limited without swap.
[INFO] running `Command { std: "docker" "start" "-a" "2fb07c5c7f954afb1333f755a194e62ca19a6b4d0d415fb3788a9e91f7f26fbe", kill_on_drop: false }`
[INFO] [stderr]    Compiling libc v0.2.77
[INFO] [stderr]     Checking cfg-if v0.1.10
[INFO] [stderr]    Compiling memchr v2.3.3
[INFO] [stderr]    Compiling syn v1.0.40
[INFO] [stderr]     Checking lazy_static v1.4.0
[INFO] [stderr]    Compiling bitflags v1.2.1
[INFO] [stderr]     Checking pin-utils v0.1.0
[INFO] [stderr]     Checking slab v0.4.2
[INFO] [stderr]    Compiling openssl-sys v0.9.58
[INFO] [stderr]    Compiling crossbeam-utils v0.7.2
[INFO] [stderr]     Checking log v0.4.11
[INFO] [stderr]     Checking kv-log-macro v1.0.7
[INFO] [stderr]     Checking futures-lite v0.1.11
[INFO] [stderr]     Checking blocking v0.5.2
[INFO] [stderr]    Compiling openssl v0.10.30
[INFO] [stderr]    Compiling native-tls v0.2.4
[INFO] [stderr]     Checking polling v0.1.9
[INFO] [stderr]     Checking socket2 v0.3.15
[INFO] [stderr]     Checking num_cpus v1.13.0
[INFO] [stderr]     Checking async-io v0.1.11
[INFO] [stderr]     Checking async-executor v0.1.2
[INFO] [stderr]    Compiling async-attributes v1.1.1
[INFO] [stderr]    Compiling thiserror-impl v1.0.20
[INFO] [stderr]     Checking async-std v1.6.3
[INFO] [stderr]     Checking thiserror v1.0.20
[INFO] [stderr]     Checking async-httplib v0.5.0
[INFO] [stderr]     Checking async-native-tls v0.3.3
[INFO] [stderr]     Checking async-uninet v0.2.0
[INFO] [stderr]     Checking async-fetch v0.4.0 (/opt/rustwide/workdir)
[INFO] [stdout] error[E0433]: failed to resolve: use of undeclared type or module `serde_json`
[INFO] [stdout]   --> tests/lib.rs:22:16
[INFO] [stdout]    |
[INFO] [stdout] 22 |     let data = serde_json::json!({ "name": "John" });
[INFO] [stdout]    |                ^^^^^^^^^^ use of undeclared type or module `serde_json`
[INFO] [stdout] 
[INFO] [stdout] 
[INFO] [stdout] error[E0433]: failed to resolve: use of undeclared type or module `serde_json`
[INFO] [stdout]   --> tests/lib.rs:29:24
[INFO] [stdout]    |
[INFO] [stdout] 29 |     let name: String = serde_json::from_str(&name.to_string()).unwrap();
[INFO] [stdout]    |                        ^^^^^^^^^^ use of undeclared type or module `serde_json`
[INFO] [stdout] 
[INFO] [stdout] 
[INFO] [stdout] error[E0599]: no method named `send_json` found for struct `Request` in the current scope
[INFO] [stdout]   --> tests/lib.rs:23:23
[INFO] [stdout]    |
[INFO] [stdout] 23 |     let mut res = req.send_json(&data).await.unwrap();
[INFO] [stdout]    |                       ^^^^^^^^^ help: there is an associated function with a similar name: `send_str`
[INFO] [stdout] 
[INFO] [stdout] 
[INFO] [stdout] error: aborting due to 3 previous errors
[INFO] [stdout] 
[INFO] [stdout] 
[INFO] [stdout] Some errors have detailed explanations: E0433, E0599.
[INFO] [stdout] 
[INFO] [stdout] For more information about an error, try `rustc --explain E0433`.
[INFO] [stdout] 
[INFO] [stderr] error: could not compile `async-fetch`.
[INFO] [stderr] 
[INFO] [stderr] To learn more, run the command again with --verbose.
[INFO] running `Command { std: "docker" "inspect" "2fb07c5c7f954afb1333f755a194e62ca19a6b4d0d415fb3788a9e91f7f26fbe", kill_on_drop: false }`
[INFO] running `Command { std: "docker" "rm" "-f" "2fb07c5c7f954afb1333f755a194e62ca19a6b4d0d415fb3788a9e91f7f26fbe", kill_on_drop: false }`
[INFO] [stdout] 2fb07c5c7f954afb1333f755a194e62ca19a6b4d0d415fb3788a9e91f7f26fbe
